
701
707 (base 8) to base 11
384
Convert -5047 (base 10) to base 5.
-130142
1354 (base 7) to base 8
1021
Convert 35041 (base 8) to base 2.
11101000100001
3049 (base 13) to base 5
203102
What is 20201212 (base 3) in base 8?
11456
Convert 1110000111 (base 2) to base 11.
751
Convert 3001 (base 6) to base 4.
22021
Convert 1000110001000 (base 2) to base 12.
2720
Convert -12011 (base 4) to base 7.
-1064
What is 13563 (base 8) in base 11?
4568
-328 (base 11) to base 10
-393
-1347 (base 8) to base 10
-743
Convert 10001001100100 (base 2) to base 5.
240204
-221101120 (base 3) to base 14
-6a62
Convert -7a6 (base 12) to base 11.
-941
What is -772 (base 8) in base 11?
-420
What is -1584 (base 9) in base 4?
-102322
Convert 1181 (base 13) to base 9.
3345
Convert -45dd (base 15) to base 7.
-61150
-124403 (base 5) to base 11
-3816
Convert -138a (base 12) to base 7.
-6415
Convert -15325 (base 8) to base 16.
-1ad5
100212112 (base 4) to base 12
3341a
What is -679 (base 10) in base 15?
-304
-38a7 (base 11) to base 9
-6862
1077 (base 10) to base 12
759
3615 (base 7) to base 8
2467
Convert 176 (base 10) to base 13.
107
What is -52333 (base 6) in base 16?
-1b81
What is 1a1 (base 14) in base 6?
1321
63 (base 10) to base 8
77
Convert -21222202 (base 3) to base 13.
-2861
1002021212 (base 3) to base 4
11031221
1414 (base 5) to base 11
1a3
-8497 (base 10) to base 7
-33526
What is -444 (base 10) in base 5?
-3234
What is 464 (base 12) in base 11?
543
Convert 2b21 (base 12) to base 6.
35241
1022110002 (base 3) to base 5
1311331
What is -1600 (base 7) in base 15?
-2c7
What is 2471 (base 8) in base 7?
3620
What is -414410 (base 5) in base 12?
-7b42
2057b (base 12) to base 9
64005
Convert cca (base 15) to base 8.
5512
What is -5064 (base 7) in base 2?
-11011100001
Convert 121332 (base 4) to base 14.
86a
What is 2352 (base 8) in base 14?
65c
-10001000001101 (base 2) to base 14
-3269
What is -1420 (base 9) in base 12?
-753
What is b4 (base 15) in base 4?
2221
What is a043 (base 14) in base 6?
331151
Convert cc3 (base 16) to base 14.
1295
Convert -371 (base 15) to base 14.
-3db
30313 (base 6) to base 7
14451
Convert -11029 (base 12) to base 7.
-122406
-724 (base 8) to base 5
-3333
What is -3220 (base 5) in base 2?
-110110011
What is 3062 (base 11) in base 12?
2425
-20021 (base 4) to base 16
-209
2122 (base 3) to base 6
155
Convert -222100100 (base 3) to base 4.
-10230012
What is -453 (base 9) in base 10?
-372
What is -36b7 (base 14) in base 8?
-22541
What is 4553 (base 7) in base 3?
2021022
1311 (base 4) to base 15
7c
What is -1076 (base 12) in base 8?
-3432
Convert -71 (base 14) to base 12.
-83
Convert -11011000100001 (base 2) to base 7.
-55254
What is -3540 (base 6) in base 10?
-852
5371 (base 9) to base 14
1624
19784 (base 13) to base 9
75058
Convert -1637 (base 8) to base 15.
-41c
Convert -fcc (base 16) to base 4.
-333030
-12b99 (base 13) to base 5
-2104230
-3626 (base 7) to base 9
-1752
Convert -2945 (base 12) to base 5.
-123210
What is 10001111011001011 (base 2) in base 7?
424023
-111101111111011 (base 2) to base 5
-2003424
14411 (base 7) to base 6
30225
Convert -697a (base 11) to base 14.
-34a6
Convert -4a0 (base 12) to base 10.
-696
Convert 1728 (base 10) to base 5.
23403
What is 1344132 (base 5) in base 10?
28042
What is -2364 (base 9) in base 2?
-11011011111
What is -19417 (base 10) in base 11?
-13652
What is -1063 (base 15) in base 12?
-2010
Convert -339 (base 15) to base 8.
-1331
What is 368c (base 15) in base 2?
10110101010111
What is -10335 (base 6) in base 7?
-4106
Convert 2624 (base 9) to base 12.
117a
Convert -4c41 (base 16) to base 14.
-7185
3024 (base 11) to base 12
23ab
Convert -10010011 (base 2) to base 4.
-2103
What is -234230 (base 5) in base 9?
-12825
What is -120010 (base 4) in base 12?
-a84
Convert -384 (base 15) to base 4.
-30133
What is 3331110 (base 4) in base 14?
5ca0
What is 23321 (base 4) in base 6?
3305
3555 (base 9) to base 5
41032
Convert 33 (base 9) to base 16.
1e
1179 (base 10) to base 9
1550
-145b (base 15) to base 13
-1ca6
-10951 (base 10) to base 11
-8256
What is -18 (base 15) in base 3?
-212
What is 1022201 (base 5) in base 13?
7a83
Convert -574 (base 15) to base 10.
-1234
Convert -3 (base 11) to base 3.
-10
-3000 (base 8) to base 2
-11000000000
What is -20030 (base 4) in base 11?
-437
What is -1212233 (base 4) in base 5?
-202300
Convert -105 (base 15) to base 13.
-149
100001111001011 (base 2) to base 8
41713
Convert 14509 (base 11) to base 8.
50143
What is -104327 (base 9) in base 2?
-1111001100011001
What is 131241 (base 7) in base 12?
12200
Convert -b145 (base 13) to base 4.
-11331021
Convert -113b (base 13) to base 15.
-ab1
What is -3094 (base 12) in base 14?
-1d04
Convert 1100011001 (base 2) to base 9.
1071
2121 (base 14) to base 9
7747
Convert 4331 (base 7) to base 10.
1541
Convert -1475 (base 15) to base 3.
-20000102
1ec9 (base 16) to base 8
17311
What is -c2 (base 16) in base 10?
-194
-2365 (base 8) to base 10
-1269
-847 (base 12) to base 6
-5331
Convert 6b42 (base 13) to base 5.
440340
-2221 (base 14) to base 7
-23141
What is -53453 (base 8) in base 16?
-572b
Convert 1001011002 (base 3) to base 11.
14467
Convert -33301 (base 5) to base 2.
-100100010110
What is 1daa (base 15) in base 4?
1210330
Convert -37e (base 15) to base 9.
-1072
What is -4221 (base 5) in base 14?
-2c1
Convert 101111110011 (base 2) to base 15.
d8e
What is -dee4 (base 16) in base 8?
-157344
249 (base 11) to base 16
127
Convert 1292 (base 10) to base 5.
20132
Convert a0f7 (base 16) to base 12.
1ba1b
What is -2112 (base 7) in base 13?
-453
Convert -d89 (base 14) to base 9.
-3585
11101 (base 6) to base 9
2111
What is -42401 (base 6) in base 13?
-2812
What is -33b (base 14) in base 10?
-641
Convert 13664 (base 7) to base 4.
322322
13570 (base 13) to base 10
36088
What is 1518 (base 11) in base 9?
2612
-188 (base 10) to base 9
-228
47047 (base 9) to base 15
947a
What is -2309 (base 11) in base 4?
-233122
-16164 (base 9) to base 15
-3434
Convert 44412 (base 5) to base 11.
2375
Convert 106 (base 15) to base 6.
1023
Convert 21030 (base 6) to base 11.
213a
Convert -14188 (base 10) to base 8.
-33554
-1345 (base 7) to base 16
-20b
-664 (base 7) to base 14
-1a4
Convert -1716 (base 11) to base 6.
-14055
-16515 (base 7) to base 4
-1021230
13173 (base 10) to base 14
4b2d
Convert 10a8 (base 11) to base 6.
10413
-941 (base 11) to base 10
-1134
What is -402414 (base 5) in base 2?
-11001000111011
Convert -111001011101 (base 2) to base 6.
-25005
13442 (base 5) to base 7
3162
What is -13959 (base 16) in base 10?
-80217
Convert 1324 (base 6) to base 12.
244
Convert ab42 (base 15) to base 12.
18bbb
-210002111 (base 3) to base 15
-4851
22386 (base 11) to base 9
48401
Convert 1001110111 (base 2) to base 4.
21313
What is 121144 (base 5) in base 13?
20bc
Convert 122214 (base 5) to base 9.
6374
-7740 (base 8) to base 2
-111111100000
What is 24533 (base 6) in base 9?
5013
Convert -a6c (base 15) to base 3.
-10020010
c3b7 (base 14) to base 9
51168
Convert -33003111 (base 4) to base 13.
-220a7
597 (base 15) to base 4
103303
What is 10100011011010 (base 2) in base 8?
24332
Convert 3a56 (base 15) to base 3.
122002100
-417 (base 9) to base 15
-17a
What is -2454 (base 7) in base 6?
-4133
Convert -9ada (base 15) to base 11.
-22736
27163 (base 8) to base 15
37cb
What is 3259 (base 12) in base 10?
5541
-781 (base 10) to base 8
-1415
-4a2 (base 11) to base 2
-1001010100
Convert -21420 (base 5) to base 4.
-113031
Convert -3745 (base 10) to base 12.
-2201
32d (base 16) to base 4
30231
-380 (base 11) to base 7
-1213
Convert -23 (base 9) to base 8.
-25
Convert -1250 (base 8) to base 10.
-680
What is -13311 (base 4) in base 14?
-27b
What is -203011 (base 5) in base 9?
-10077
Convert 113a0 (base 11) to base 14.
5dc9
1033c (base 15) to base 16
c89d
What is 137a (base 11) in base 7?
5123
-12543 (base 7) to base 13
-16b9
-5667 (base 8) to base 13
-1499
Convert 21a9 (base 14) to base 11.
4423
Convert -10110111110101 (base 2) to base 15.
-3745
Convert 2160 (base 7) to base 2.
1100001001
324 (base 6) to base 10
124
Convert -39 (base 14) to base 12.
-43
-6643 (base 15) to base 12
-10653
637 (base 15) to base 5
21102
What is -45818 (base 10) in base 8?
-131372
What is -1a06 (base 13) in base 3?
-12100012
What i